0 = -2*g + 3*g - m. What are the prime factors of g?
2, 23
What are the prime factors of (76/(-57))/((-4)/162)?
2, 3
Let r = 6 - 6. Suppose -18 = -5*k - b, -k - 5*b + 20 - 2 = r. What are the prime factors of k?
3
Let w = 451 - 266. What are the prime factors of w?
5, 37
Suppose -4*p + 79 + 109 = 0. List the prime factors of p.
47
Let v = -21 + 29. What are the prime factors of v?
2
Let k be 18*(14/6 - 2). Suppose y - k = 10. List the prime factors of y.
2
Let z be (-1 - (2 + -9))*2. List the prime factors of -8*(-9)/z*1.
2, 3
Suppose -5*h + 15 = -0*h. Let a = h - -53. List the prime factors of (-2)/7 + 1192/a.
3, 7
Let r(y) = -6*y + 44. What are the prime factors of r(-10)?
2, 13
Let d(n) = 11*n - 7. Let w(q) = q**3 - 2*q - 1. Let k be w(2). List the prime factors of d(k).
2, 13
Let u(b) = -b + 5. Let x be u(4). Let a = 1 - x. What are the prime factors of -1 - (8/(-2) + a)?
3
Suppose -2*t + 38 = -0*t. What are the prime factors of t?
19
Let s = 39 - -27. What are the prime factors of s?
2, 3, 11
What are the prime factors of ((-4)/8)/((-1)/298)?
149
Suppose 0*f - 5*f + 25 = 0. Suppose 0 = -f*p + z + 2*z + 128, p + 3*z = 40. List the prime factors of p.
2, 7
Let t(x) = -x**2 + 5*x. Let h be t(4). Suppose 120 = 5*d + 5*f, 5*f - h - 93 = -4*d. List the prime factors of d.
23
Let v be (-208)/(-7) - 10/(-35). Let y = v + -12. List the prime factors of y.
2, 3
Suppose r + 4 = 4*h, 3*r - 4*h + 0*h + 4 = 0. Suppose r = 5*c - 5*s - 30, 4*s - 3 = -4*c + 21. What are the prime factors of c?
2, 3
Suppose 5*o + 22 = -38. List the prime factors of (45/o - -2)*-12.
3, 7
Let b(g) = 5*g**2. Let i be b(1). Suppose 4*y + 5*t - 13 - 112 = 0, i*t - 95 = -3*y. What are the prime factors of y?
2, 3, 5
What are the prime factors of 4/8 - (-153)/2?
7, 11
Suppose c - 3*p = 6, 3*p = 5*p + 2. Let o be -6*(c - 2) - 0. What are the prime factors of (7 + -1)*(-15)/o?
3, 5
Suppose m - 82 = -6. Suppose 5*q - 99 = m. What are the prime factors of q?
5, 7
Suppose -55*j - 520 = -57*j. List the prime factors of j.
2, 5, 13
Let k be (-2)/(-3)*15/2. Let u = 64 - 37. Suppose -k*q + u = -53. List the prime factors of q.
2
Let r(m) = 5*m + 1. Let c be r(-1). Let o be (-15)/(-2) - c/(-8). List the prime factors of o - 1/((-3)/6).
3
Let q(n) = n**3 + 9*n**2 - 6*n + 5. List the prime factors of q(-6).
149
Suppose 4*t - 196 = 2*t + 2*d, 3*d + 3 = 0. List the prime factors of t.
97
Suppose 0 = 6*o - 2*o - 8. List the prime factors of (-98)/(-5) - o/(-5).
2, 5
List the prime factors of (-20)/35 + 2826/21.
2, 67
Let r(h) = h**2 - 5*h + 6. Let b be r(4). Suppose 3*q - f - 69 = 0, 3*q - b*f - 66 = -0*f. List the prime factors of q.
2, 3
Let f = 0 + 2. Suppose -f*n - 34 = -4*t, 0 = -n - 0*n - 1. What are the prime factors of t?
2
Suppose 2*u + 3 = -3*z + 2, 0 = -4*z + 5*u - 9. Let g = 4 + z. Suppose 56 - 17 = g*v. What are the prime factors of v?
13
Suppose 0 = -g - 36 - 32. List the prime factors of 33/22*g/(-3).
2, 17
Let g(a) = -a**3 + 4*a**2 + 5*a + 2. What are the prime factors of g(5)?
2
Let d(j) = j**2 + 2*j - 14. List the prime factors of d(12).
2, 7, 11
Suppose -2*f = -b - 15, 5*f - 14 = b + 19. Let o = 1 + f. Let t(s) = 2*s - 2. What are the prime factors of t(o)?
2, 3
Let d(z) = -7*z + 1. Let w be d(1). Let y = 9 + -10. List the prime factors of (-24)/w + (-3)/y.
7
Let n(o) = -o**2 + 3*o - 2. Let f be n(3). Let b be 3*(0 - 1 - f). Suppose -4*t + 33 = b*q, 26 = 3*t - 0*t + q. What are the prime factors of t?
3
What are the prime factors of (-236)/6*18/(-12)?
59
Let y be (-8)/10*(-5)/2. Let s(v) = 8 + y*v - v - 2*v. List the prime factors of s(0).
2
Suppose 0 = -3*w - 4 + 118. What are the prime factors of w?
2, 19
Let i be 9/(-2)*(-10)/(-3). Let h = i + 55. What are the prime factors of h?
2, 5
Suppose 4*n + t + 4*t = 304, -5*t = -4*n + 344. What are the prime factors of n?
3
Let f = -20 + 230. List the prime factors of f.
2, 3, 5, 7
Let n(s) = -s**2 + 5*s - 2. Suppose 5*v = 14 + 6. Let h be n(v). Suppose h*b - 46 = -3*c - 2*b, -5*c - 3*b = -62. List the prime factors of c.
2, 5
Suppose 2 = -w - 0*w. Let y = -5 - -13. List the prime factors of w/(0 - 2)*y.
2
Suppose -8*g = -7*g - 6. What are the prime factors of g?
2, 3
Suppose 0 = -2*v + v - 3*h + 95, 5*v = 4*h + 551. What are the prime factors of v?
107
Let w(k) = k**2 - 9*k + 10. Let i be w(10). Let z = i - 9. List the prime factors of z.
11
Suppose -4*y + 4*i = i - 796, y = -2*i + 199. List the prime factors of y.
199
Suppose -4*v + 6 + 6 = 0. Suppose -4*i = i - v*y - 90, -72 = -4*i - 5*y. Let b = i + -9. What are the prime factors of b?
3
Suppose 0 = r + t - 4*t - 39, 68 = 2*r + 4*t. List the prime factors of r.
2, 3
Let w(t) = t**2 - 7*t - 1. Let k be w(8). Let j be (-3 - k/(-3))*3. List the prime factors of j - (-8 + 1)/1.
5
Let k(l) be the first derivative of 4*l**3/3 + 2*l**2 + 3*l + 3. What are the prime factors of k(-2)?
11
Suppose -2*i - 2*i = -28. Let o(y) = 2*y**2 + 4*y - 6. Let l(r) = 3*r**2 + 9*r - 12. Let b(m) = -3*l(m) + 5*o(m). What are the prime factors of b(i)?
2, 3
List the prime factors of (-4)/(-22) - (-780)/66.
2, 3
Let v be 0/(-3 + (2 - 2)). Suppose 3*d = -v*d + 12. List the prime factors of d.
2
Let y(i) = -3*i - 4. Let o be y(-3). Suppose 4*s - 20 = -2*q, -61 = -o*q - 0*s + s. What are the prime factors of q?
2, 3
Let i(y) be the third derivative of y**5/20 + y**4/24 - y**3/3 + 6*y**2. What are the prime factors of i(-3)?
2, 11
List the prime factors of 6/(-3)*(-1393)/14.
199
Suppose -3*m + 0*m = -9. Suppose 0 = 4*i + i - 40. Suppose -i + 32 = m*o. List the prime factors of o.
2
Let h be (-9)/(-6) - (-2)/4. Let g be 32*1*1/h. Suppose 8*j - g = 4*j. List the prime factors of j.
2
Suppose -91 = -2*i + 23. What are the prime factors of i?
3, 19
Suppose 0 = -t + 6*t - 200. Suppose -f + 6 = 2*f. Suppose r - 10 = k, f*r + 4*k = -8 + t. List the prime factors of r.
2, 3
Suppose 2*a - 236 = 122. List the prime factors of a.
179
Suppose 20 = 4*r, 3*m = -r + 817 - 296. List the prime factors of m.
2, 43
What are the prime factors of (-17)/(-4)*10/(-15)*-78?
13, 17
Suppose 0 = -2*k + k + 4. Suppose -k*b - h = 2*h - 133, 0 = 5*b + 2*h - 168. List the prime factors of b.
2, 17
Let u = 5 + -5. Suppose u = -4*d + 12, 3*j + 2 = 3*d - 4. List the prime factors of 18/2 - (-4 + j).
2, 3
Suppose w - 4*t - 12 = 0, 0 = 2*t + 3 + 3. Suppose 5*r - 55 = -w*r. What are the prime factors of r?
11
Let u(y) = -y**3 + y**2 - 1. Let k be u(-1). Let x(b) = 21*b - 2. What are the prime factors of x(k)?
19
Let p = 24 + -24. Suppose 90 = -p*q + 5*q. What are the prime factors of q?
2, 3
What are the prime factors of (140*(4/5)/2)/1?
2, 7
Suppose -5 = 3*r - 2*r. Let d(u) = u + 9. What are the prime factors of d(r)?
2
Suppose w = 234 - 93. List the prime factors of w.
3, 47
Let d = -77 + 129. What are the prime factors of 0 + -2 - (4 - d)?
2, 23
Let w = -5 + 5. Suppose 32 = -w*r + 4*r. What are the prime factors of r?
2
Let j(q) = 2*q**3 - 2*q**2 - 2*q. List the prime factors of j(2).
2
Let y(j) = -2*j**2 - 2*j**2 + 6*j - 4 + 5*j**2. Let d be 1 - (-2 - -3)*8. List the prime factors of y(d).
3
Let a(o) = -o**3 - 3*o + 1 + 9*o**2 + 5 - 3*o**2 + 12*o. Let s be a(7). Suppose 2*v - 4*v = -s. List the prime factors of v.
2, 5
List the prime factors of 4/(-10) + (-13470)/(-50).
269
Suppose 0 = -2*f - 8, -2*r + 6 = -4*r + f. Let w = -2 - r. What are the prime factors of w?
3
Suppose 2*i = -0*i + 8. Suppose 0 = -2*f + i. List the prime factors of 17 + f + -2 + -3.
2, 7
Suppose 54 + 11 = -5*k. Suppose -2*n - 3*i = i + 26, 5*n + 20 = 5*i. Let y = n - k. What are the prime factors of y?
2, 3
Suppose 16 = 3*p + 2*x, -p + 5*p = x + 14. Suppose -p*m = 5 - 29. What are the prime factors of (4/m)/((-4)/(-42))?
7
Suppose 2*u = -2*u + 32. Suppose -g = -u + 4. Suppose -g*f - h = -3*h - 60, -2*f - 5*h + 6 = 0. List the prime factors of f.
13
Suppose 5*r - 142 = -3*c, 4*r = -5*c + 3*r + 200. What are the prime factors of c?
3, 13
List the prime factors of (3 - -10)*1/1.
13
Suppose 0*j = -3*j. Let x = 7 + -5. Let a = j + x. List the prime factors of a.
2
Suppose 3*b = 3*n - 51, 3*n - 13 = -5*b - 2. What are the prime factors of n?
2, 3
Let z(c) = -4 + c + c + 0*c. Let a be z(4). Suppose -9 + 1 = -a*q. What are the prime factors of q?
2
Suppose j - g - 1 = 0, 